{"id":1325,"date":"2021-12-14T15:10:34","date_gmt":"2021-12-14T14:10:34","guid":{"rendered":"https:\/\/lafabriquevegetale.fr\/?post_type=product&#038;p=1325"},"modified":"2022-09-14T15:47:13","modified_gmt":"2022-09-14T13:47:13","slug":"eau-de-thym-a-thujanol-hydrolat","status":"publish","type":"product","link":"https:\/\/lafabriquevegetale.fr\/?product=eau-de-thym-a-thujanol-hydrolat","title":{"rendered":"Eau de Thym thuyanol (Hydrolat)"},"content":{"rendered":"<p>Hydrolat de Thym \u00e0 thujanol (<em>Thymus vulgaris thujanoliferum<\/em> L<em>.<\/em>) issu de la distillation par entrainement \u00e0 la vapeur. Hydrolat tr\u00e8s aromatique et issu d&rsquo;une distillation traditionnelle pour un volume de plantes\/m\u00eame volume de vapeur, il n&rsquo;y a pas de dilution et toutes les propri\u00e9t\u00e9s sont donc pr\u00e9serv\u00e9es. Compl\u00e8tement naturel et sans ajout, l&rsquo;hydrolat est microfiltr\u00e9 au laboratoire. L&rsquo;hydrolat est un produit tr\u00e8s fragile, il est donc important de le conserver \u00e0 l&rsquo;abri de la chaleur et de la lumi\u00e8re. A consommer dans les 6 mois apr\u00e8s ouverture si les qualit\u00e9s organoleptiques et l&rsquo;aspect sont pr\u00e9serv\u00e9s.<\/p>\n<p>Culture en agriculture biologique et distillation effectu\u00e9e par Claire \u00e0 La Fabrique V\u00e9g\u00e9tale.<\/p>\n<p>Famille botanique (Lamiac\u00e9es)<\/p>\n<p>Partie distill\u00e9e (parties a\u00e9riennes fleuries)<\/p>\n<p>Origine (France, Seine-et-Marne)<\/p>\n<p>Odeur : tr\u00e8s r\u00e9chauffante, \u00e9pic\u00e9e, miell\u00e9e aux notes de lavande<\/p>\n<p>Pour les usages traditionnels et th\u00e9rapeutiques nous vous conseillons les ouvrages suivants : \u00ab\u00a0Eaux florales et hydrolats\u00a0\u00bb (Claire Mont\u00e9sinos); \u00ab\u00a0Hydrolats et eaux florales\u00a0\u00bb (Xavier Fernandez, Carole Andr\u00e9, Alexandre Casale); \u00ab\u00a0Trait\u00e9 d&rsquo;aromath\u00e9rapie scientifique et m\u00e9dicale, Les Hydrolats \u00ab\u00a0( Michel Faucon).<\/p>\n","protected":false},"excerpt":{"rendered":"<p>Hydrolat tr\u00e8s aromatique et issu d&rsquo;une distillation traditionnelle pour un volume de plantes\/m\u00eame volume de vapeur, il n&rsquo;y a pas de dilution ni d&rsquo;ajout de conservateurs. Toutes les propri\u00e9t\u00e9s pures et naturelles sont donc pr\u00e9serv\u00e9es.<\/p>\n<p>Formats disponibles : 125 ml et 550 ml<\/p>\n<p>\u00ab\u00a0Arch\u00e9type tr\u00e8s physique et tr\u00e8s terrestre, le Thym \u00e9voque la force brute d&rsquo;un caract\u00e8re qui serait comme m\u00e9lang\u00e9 de Terre et de Feu. Comme le d\u00e9crit justement <em>P.Mailhebiau<\/em> dans ses caract\u00e9rologies, le Thym est un \u00ab\u00a0homme de la terre, solide et trapu, la peau tann\u00e9e, le teint cuivr\u00e9, le visage br\u00fbl\u00e9 par le soleil\u00a0\u00bb. Le Thym reste \u00ab\u00a0simple, discret et souriant\u00a0\u00bb comme dou\u00e9 d&rsquo;une bont\u00e9 toute naturelle. Il nous transmet sa r\u00e9sistance physique et sa solidarit\u00e9. Grande incarnation de la Nature, il en exprime la permanence et l&rsquo;ordre immuable de ses saisons. Son parfum soutenu et son go\u00fbt nous fortifie. La plante et ses d\u00e9riv\u00e9s aromatiques ne manquent jamais d&rsquo;imprimer en nous une sorte de force vitale et tout le courage n\u00e9cessaire pour&#8230;affronter. <strong>Extrait de \u00ab\u00a0Ce que la plante \u00e9voque\u00a0\u00bb; Trait\u00e9 d&rsquo;Aromath\u00e9rapie scientifique et m\u00e9dicale-LES HYDROLATS; <em>Michel Faucon<\/em>.<\/strong><\/p>\n<p>&nbsp;<\/p>\n","protected":false},"featured_media":1326,"comment_status":"open","ping_status":"closed","template":"","meta":[],"product_brand":[],"product_cat":[19],"product_tag":[],"class_list":{"0":"post-1325","1":"product","2":"type-product","3":"status-publish","4":"has-post-thumbnail","6":"product_cat-non-classe","8":"first","9":"instock","10":"taxable","11":"shipping-taxable","12":"purchasable","13":"product-type-simple"},"exclude_global_add_ons":[],"addons":[],"jetpack_sharing_enabled":true,"_links":{"self":[{"href":"https:\/\/lafabriquevegetale.fr\/index.php?rest_route=\/wp\/v2\/product\/1325","targetHints":{"allow":["GET"]}}],"collection":[{"href":"https:\/\/lafabriquevegetale.fr\/index.php?rest_route=\/wp\/v2\/product"}],"about":[{"href":"https:\/\/lafabriquevegetale.fr\/index.php?rest_route=\/wp\/v2\/types\/product"}],"replies":[{"embeddable":true,"href":"https:\/\/lafabriquevegetale.fr\/index.php?rest_route=%2Fwp%2Fv2%2Fcomments&post=1325"}],"wp:featuredmedia":[{"embeddable":true,"href":"https:\/\/lafabriquevegetale.fr\/index.php?rest_route=\/wp\/v2\/media\/1326"}],"wp:attachment":[{"href":"https:\/\/lafabriquevegetale.fr\/index.php?rest_route=%2Fwp%2Fv2%2Fmedia&parent=1325"}],"wp:term":[{"taxonomy":"product_brand","embeddable":true,"href":"https:\/\/lafabriquevegetale.fr\/index.php?rest_route=%2Fwp%2Fv2%2Fproduct_brand&post=1325"},{"taxonomy":"product_cat","embeddable":true,"href":"https:\/\/lafabriquevegetale.fr\/index.php?rest_route=%2Fwp%2Fv2%2Fproduct_cat&post=1325"},{"taxonomy":"product_tag","embeddable":true,"href":"https:\/\/lafabriquevegetale.fr\/index.php?rest_route=%2Fwp%2Fv2%2Fproduct_tag&post=1325"}],"curies":[{"name":"wp","href":"https:\/\/api.w.org\/{rel}","templated":true}]}}