{"id":1323,"date":"2021-12-14T14:44:58","date_gmt":"2021-12-14T13:44:58","guid":{"rendered":"https:\/\/lafabriquevegetale.fr\/?post_type=product&#038;p=1323"},"modified":"2021-12-14T14:47:54","modified_gmt":"2021-12-14T13:47:54","slug":"eau-de-sauge-sclaree-hydrolat","status":"publish","type":"product","link":"https:\/\/lafabriquevegetale.fr\/?product=eau-de-sauge-sclaree-hydrolat","title":{"rendered":"Eau de Sauge sclar\u00e9e (Hydrolat)"},"content":{"rendered":"<p>Hydrolat de Sauge sclar\u00e9e (<em>Salvia sclarea L.<\/em>) issu de la distillation par entrainement \u00e0 la vapeur. Hydrolat tr\u00e8s aromatique et issu d&rsquo;une distillation traditionnelle pour un volume de plantes\/m\u00eame volume de vapeur, il n&rsquo;y a pas de dilution et toutes les propri\u00e9t\u00e9s sont donc pr\u00e9serv\u00e9es. Compl\u00e8tement naturel et sans ajout, l&rsquo;hydrolat est microfiltr\u00e9 au laboratoire. L&rsquo;hydrolat est un produit tr\u00e8s fragile, il est donc important de le conserver \u00e0 l&rsquo;abri de la chaleur et de la lumi\u00e8re. A consommer dans les 6 mois apr\u00e8s ouverture si les qualit\u00e9s organoleptiques et l&rsquo;aspect sont pr\u00e9serv\u00e9s.<\/p>\n<p>Culture en agriculture biologique et distillation effectu\u00e9e par Claire \u00e0 La Fabrique V\u00e9g\u00e9tale.<\/p>\n<p>Famille botanique (Lamiac\u00e9es)<\/p>\n<p>Partie distill\u00e9e (parties a\u00e9riennes fleuries)<\/p>\n<p>Origine (France, Seine-et-Marne)<\/p>\n<p>Odeur : fra\u00eeche, herbac\u00e9e, puissante, notes d&rsquo;ambre gris musqu\u00e9, tr\u00e8s subtile<\/p>\n<p>Pour les usages traditionnels et th\u00e9rapeutiques nous vous conseillons les ouvrages suivants : \u00ab\u00a0Eaux florales et hydrolats\u00a0\u00bb (Claire Mont\u00e9sinos); \u00ab\u00a0Hydrolats et eaux florales\u00a0\u00bb (Xavier Fernandez, Carole Andr\u00e9, Alexandre Casale); \u00ab\u00a0Trait\u00e9 d&rsquo;aromath\u00e9rapie scientifique et m\u00e9dicale, Les Hydrolats \u00ab\u00a0( Michel Faucon).<\/p>\n","protected":false},"excerpt":{"rendered":"<p>Hydrolat tr\u00e8s aromatique et issu d&rsquo;une distillation traditionnelle pour un volume de plantes\/m\u00eame volume de vapeur, il n&rsquo;y a pas de dilution ni d&rsquo;ajout de conservateur. Toutes les propri\u00e9t\u00e9s pures et naturelles sont donc pr\u00e9serv\u00e9es.<\/p>\n<p>Formats disponibles : 125ml et 550 ml<\/p>\n<p>\u00ab\u00a0Par sa morphologie et sa fragrance f\u00e9minine et raffin\u00e9e, Sauge sclar\u00e9e exprime une symbolique bien diff\u00e9rente (et pourtant tr\u00e8s compl\u00e9mentaire) de celle de la s\u00e9v\u00e8re Sauge officinale. Les couleurs chaudes de sa corolle, son ar\u00f4me naturel, tout est chez elle en effet sensuel, charg\u00e9 de tonalit\u00e9s douces, enveloppantes, conciliantes, instinctives et presque animales tr\u00e8s li\u00e9es \u00e0 sa jeune f\u00e9minit\u00e9. Ses fleurs au parfum encore vert nous laissent comme une douce sensation d&rsquo;inachev\u00e9&#8230;La Sauge sclar\u00e9e \u00e9tait utilis\u00e9e au Moyen Age \u00e0 des fins m\u00e9dicinales nombreuses. Sur un autre plan dans la tradition, les gu\u00e9risseurs, pr\u00eatres, chamans ou autres alchimistes pensaient que la Sauge sclar\u00e9e \u00e9tait propre \u00e0 \u00e9largir les capacit\u00e9s visionnaires et aidait les \u00eatres \u00e0 mieux distinguer le bien et le mal. Elle \u00e9tait cens\u00e9e d\u00e9velopper la compassion et \u00ab\u00a0la vision de l&rsquo;essentiel\u00a0\u00bb\u00a0\u00bb. <strong>Extrait de \u00ab\u00a0Ce que la plante nous \u00e9voque\u00a0\u00bb par <em>Michel Faucon<\/em><\/strong>.<\/p>\n","protected":false},"featured_media":1251,"comment_status":"open","ping_status":"closed","template":"","meta":[],"product_brand":[],"product_cat":[19],"product_tag":[],"class_list":{"0":"post-1323","1":"product","2":"type-product","3":"status-publish","4":"has-post-thumbnail","6":"product_cat-non-classe","8":"first","9":"instock","10":"taxable","11":"shipping-taxable","12":"purchasable","13":"product-type-simple"},"exclude_global_add_ons":[],"addons":[],"jetpack_sharing_enabled":true,"_links":{"self":[{"href":"https:\/\/lafabriquevegetale.fr\/index.php?rest_route=\/wp\/v2\/product\/1323","targetHints":{"allow":["GET"]}}],"collection":[{"href":"https:\/\/lafabriquevegetale.fr\/index.php?rest_route=\/wp\/v2\/product"}],"about":[{"href":"https:\/\/lafabriquevegetale.fr\/index.php?rest_route=\/wp\/v2\/types\/product"}],"replies":[{"embeddable":true,"href":"https:\/\/lafabriquevegetale.fr\/index.php?rest_route=%2Fwp%2Fv2%2Fcomments&post=1323"}],"wp:featuredmedia":[{"embeddable":true,"href":"https:\/\/lafabriquevegetale.fr\/index.php?rest_route=\/wp\/v2\/media\/1251"}],"wp:attachment":[{"href":"https:\/\/lafabriquevegetale.fr\/index.php?rest_route=%2Fwp%2Fv2%2Fmedia&parent=1323"}],"wp:term":[{"taxonomy":"product_brand","embeddable":true,"href":"https:\/\/lafabriquevegetale.fr\/index.php?rest_route=%2Fwp%2Fv2%2Fproduct_brand&post=1323"},{"taxonomy":"product_cat","embeddable":true,"href":"https:\/\/lafabriquevegetale.fr\/index.php?rest_route=%2Fwp%2Fv2%2Fproduct_cat&post=1323"},{"taxonomy":"product_tag","embeddable":true,"href":"https:\/\/lafabriquevegetale.fr\/index.php?rest_route=%2Fwp%2Fv2%2Fproduct_tag&post=1323"}],"curies":[{"name":"wp","href":"https:\/\/api.w.org\/{rel}","templated":true}]}}