{"id":1321,"date":"2021-12-14T14:24:36","date_gmt":"2021-12-14T13:24:36","guid":{"rendered":"https:\/\/lafabriquevegetale.fr\/?post_type=product&#038;p=1321"},"modified":"2025-05-26T07:51:07","modified_gmt":"2025-05-26T05:51:07","slug":"eau-de-laurier-noble-hydrolat","status":"publish","type":"product","link":"https:\/\/lafabriquevegetale.fr\/?product=eau-de-laurier-noble-hydrolat","title":{"rendered":"Eau de Laurier noble (Hydrolat)"},"content":{"rendered":"<p>Hydrolat de Laurier noble (<i>Laurus nobilis<\/i>) issu de la distillation par entrainement \u00e0 la vapeur. Hydrolat tr\u00e8s aromatique et issu d&rsquo;une distillation traditionnelle pour un volume de plantes\/m\u00eame volume de vapeur, il n&rsquo;y a pas de dilution et toutes les propri\u00e9t\u00e9s sont donc pr\u00e9serv\u00e9es. Compl\u00e8tement naturel et sans ajout, l&rsquo;hydrolat est microfiltr\u00e9 au laboratoire. L&rsquo;hydrolat est un produit tr\u00e8s fragile, il est donc important de le conserver \u00e0 l&rsquo;abri de la chaleur et de la lumi\u00e8re. A consommer dans les 6 mois apr\u00e8s ouverture si les qualit\u00e9s organoleptiques et l&rsquo;aspect sont pr\u00e9serv\u00e9s.<\/p>\n<p>Culture en agriculture biologique et agroforesterie, distillation effectu\u00e9e par Claire \u00e0 La Fabrique V\u00e9g\u00e9tale.<\/p>\n<p>Famille botanique (Ast\u00e9rac\u00e9es)<\/p>\n<p>Partie distill\u00e9e (jeunes feuilles)<\/p>\n<p>Origine (France, Seine-et-Marne)<\/p>\n<p>Odeur : tr\u00e8s \u00e9pic\u00e9e, fra\u00eeche et notes fleuries<\/p>\n<p>Pour les usages traditionnels et th\u00e9rapeutiques nous vous conseillons les ouvrages suivants : \u00ab\u00a0Eaux florales et hydrolats\u00a0\u00bb (Claire Mont\u00e9sinos); \u00ab\u00a0Hydrolats et eaux florales\u00a0\u00bb (Xavier Fernandez, Carole Andr\u00e9, Alexandre Casale); \u00ab\u00a0Trait\u00e9 d&rsquo;aromath\u00e9rapie scientifique et m\u00e9dicale, Les Hydrolats \u00ab\u00a0( Michel Faucon).<\/p>\n","protected":false},"excerpt":{"rendered":"<p>Hydrolat tr\u00e8s aromatique et issu d&rsquo;une distillation traditionnelle pour un volume de plantes\/m\u00eame volume de vapeur, il n&rsquo;y a pas de dilution ni d&rsquo;ajout de conservateur, toutes les propri\u00e9t\u00e9s pures et naturelles sont donc pr\u00e9serv\u00e9es.<\/p>\n<p>Format disponible : 125 ml<\/p>\n<p>\u00ab\u00a0Le vrai combat de Laurier est, n&rsquo;en doutons pas, celui de l&rsquo;esprit \u00ab\u00a0noble\u00a0\u00bb, fid\u00e8le et non-violent, qui cherche \u00e0 soumettre et \u00e0 dominer tout forme de mati\u00e8re mortelle, et avec elle toutes les insuffisances de \u00ab\u00a0l&rsquo;insupportable l\u00e9g\u00e8ret\u00e9 de nos \u00eatres\u00a0\u00bb. L&rsquo;hydrolat de Laurier noble, dilu\u00e9 pour une boisson douce et vivifiante, favorisera, dit-on, les \u00e9changes verbaux et toute forme de communication difficile. Il sera utile en cas de timidit\u00e9, en cas de difficult\u00e9s d&rsquo;expression des id\u00e9es, des frustrations, des sentiments et des d\u00e9ceptions. Quelles preuves scientifiques? Jusqu&rsquo;\u00e0 nos jours, seules les connaissances empiriques ont \u00e9t\u00e9 exploit\u00e9es. En attendant avec gourmandise les prochaines avanc\u00e9es de la science et ce que nous r\u00e9v\u00e9lerons, n&rsquo;en doutons pas, les chromatographes, l&rsquo;hydrolat aromatique de Laurier noble, tr\u00e8s doux, nous invite en toute innocuit\u00e9, et c&rsquo;est bien s\u00fbr cela l&rsquo;essentiel! A chacun son art de gu\u00e9rir\u00a0\u00bb. <strong>Extrait de la description \u00ab\u00a0Ce que la plante \u00e9voque\u00a0\u00bb; Trait\u00e9 d&rsquo;Aromath\u00e9rapie scientifique et m\u00e9dicale, LES HYDROLATS par <em>Michel Faucon.<\/em><\/strong><\/p>\n<p>&nbsp;<\/p>\n","protected":false},"featured_media":1249,"comment_status":"open","ping_status":"closed","template":"","meta":[],"product_brand":[],"product_cat":[19],"product_tag":[],"class_list":{"0":"post-1321","1":"product","2":"type-product","3":"status-publish","4":"has-post-thumbnail","6":"product_cat-non-classe","8":"first","9":"instock","10":"taxable","11":"shipping-taxable","12":"purchasable","13":"product-type-simple"},"exclude_global_add_ons":[],"addons":[],"jetpack_sharing_enabled":true,"_links":{"self":[{"href":"https:\/\/lafabriquevegetale.fr\/index.php?rest_route=\/wp\/v2\/product\/1321","targetHints":{"allow":["GET"]}}],"collection":[{"href":"https:\/\/lafabriquevegetale.fr\/index.php?rest_route=\/wp\/v2\/product"}],"about":[{"href":"https:\/\/lafabriquevegetale.fr\/index.php?rest_route=\/wp\/v2\/types\/product"}],"replies":[{"embeddable":true,"href":"https:\/\/lafabriquevegetale.fr\/index.php?rest_route=%2Fwp%2Fv2%2Fcomments&post=1321"}],"wp:featuredmedia":[{"embeddable":true,"href":"https:\/\/lafabriquevegetale.fr\/index.php?rest_route=\/wp\/v2\/media\/1249"}],"wp:attachment":[{"href":"https:\/\/lafabriquevegetale.fr\/index.php?rest_route=%2Fwp%2Fv2%2Fmedia&parent=1321"}],"wp:term":[{"taxonomy":"product_brand","embeddable":true,"href":"https:\/\/lafabriquevegetale.fr\/index.php?rest_route=%2Fwp%2Fv2%2Fproduct_brand&post=1321"},{"taxonomy":"product_cat","embeddable":true,"href":"https:\/\/lafabriquevegetale.fr\/index.php?rest_route=%2Fwp%2Fv2%2Fproduct_cat&post=1321"},{"taxonomy":"product_tag","embeddable":true,"href":"https:\/\/lafabriquevegetale.fr\/index.php?rest_route=%2Fwp%2Fv2%2Fproduct_tag&post=1321"}],"curies":[{"name":"wp","href":"https:\/\/api.w.org\/{rel}","templated":true}]}}

<p>Hydrolat de Laurier noble (<i>Laurus nobilis</i>) issu de la distillation par entrainement à la vapeur. Hydrolat très aromatique et issu d&rsquo;une distillation traditionnelle pour un volume de plantes/même volume de vapeur, il n&rsquo;y a pas de dilution et toutes les propriétés sont donc préservées. Complètement naturel et sans ajout, l&rsquo;hydrolat est microfiltré au laboratoire. L&rsquo;hydrolat est un produit très fragile, il est donc important de le conserver à l&rsquo;abri de la chaleur et de la lumière. A consommer dans les 6 mois après ouverture si les qualités organoleptiques et l&rsquo;aspect sont préservés.</p>
<p>Culture en agriculture biologique et agroforesterie, distillation effectuée par Claire à La Fabrique Végétale.</p>
<p>Famille botanique (Astéracées)</p>
<p>Partie distillée (jeunes feuilles)</p>
<p>Origine (France, Seine-et-Marne)</p>
<p>Odeur : très épicée, fraîche et notes fleuries</p>
<p>Pour les usages traditionnels et thérapeutiques nous vous conseillons les ouvrages suivants : « Eaux florales et hydrolats » (Claire Montésinos); « Hydrolats et eaux florales » (Xavier Fernandez, Carole André, Alexandre Casale); « Traité d&rsquo;aromathérapie scientifique et médicale, Les Hydrolats « ( Michel Faucon).</p>

<p>Hydrolat très aromatique et issu d&rsquo;une distillation traditionnelle pour un volume de plantes/même volume de vapeur, il n&rsquo;y a pas de dilution ni d&rsquo;ajout de conservateur, toutes les propriétés pures et naturelles sont donc préservées.</p>
<p>Format disponible : 125 ml</p>
<p>« Le vrai combat de Laurier est, n&rsquo;en doutons pas, celui de l&rsquo;esprit « noble », fidèle et non-violent, qui cherche à soumettre et à dominer tout forme de matière mortelle, et avec elle toutes les insuffisances de « l&rsquo;insupportable légèreté de nos êtres ». L&rsquo;hydrolat de Laurier noble, dilué pour une boisson douce et vivifiante, favorisera, dit-on, les échanges verbaux et toute forme de communication difficile. Il sera utile en cas de timidité, en cas de difficultés d&rsquo;expression des idées, des frustrations, des sentiments et des déceptions. Quelles preuves scientifiques? Jusqu&rsquo;à nos jours, seules les connaissances empiriques ont été exploitées. En attendant avec gourmandise les prochaines avancées de la science et ce que nous révélerons, n&rsquo;en doutons pas, les chromatographes, l&rsquo;hydrolat aromatique de Laurier noble, très doux, nous invite en toute innocuité, et c&rsquo;est bien sûr cela l&rsquo;essentiel! A chacun son art de guérir ». <strong>Extrait de la description « Ce que la plante évoque »; Traité d&rsquo;Aromathérapie scientifique et médicale, LES HYDROLATS par <em>Michel Faucon.</em></strong></p>
<p>&nbsp;</p>
